= -19*r**2 + 16*r. Give l(-3).
-219
Let d(n) = n**3 + 102*n**2 - 110*n - 721. Give d(-103).
0
Let p(n) = 33*n**2 + 3*n + 2. Determine p(-1).
32
Let a(h) = -3*h**2 + 290*h + 2139. Determine a(-7).
-38
Let r(d) = 171*d + 30953. Determine r(-181).
2
Let f(c) = c**3 + 18*c**2 + 81*c + 154. Give f(-13).
-54
Let m(h) = 30*h**2 - 41*h - 77. Calculate m(-2).
125
Let s(t) = t**3 - 19*t**2 + 109*t - 167. What is s(7)?
8
Let a(k) = -112*k + 1523. Give a(15).
-157
Let q(d) = d + 50. What is q(-37)?
13
Let z(y) = y**3 + 31*y**2 - 81*y - 491. Calculate z(-33).
4
Let m(j) = -2*j**3 + 139*j**2 - 461*j - 65. Determine m(66).
1
Let w(m) = 4*m**2 + 43*m - 28. Determine w(-12).
32
Let o(s) = -s**2 - 1234*s. What is o(0)?
0
Let l(k) = -183*k + 2751. What is l(15)?
6
Let q(r) = -99*r + 210. Determine q(2).
12
Let r(u) = -u**3 - 47*u**2 + 48*u - 9. Determine r(-48).
-9
Let q(p) = 222*p + 1135. What is q(-5)?
25
Let u(h) = h**2 - h - 49. Give u(-6).
-7
Let o(s) = 11*s**3 + 242*s**2 - 5*s - 105. What is o(-22)?
5
Let q(t) = 4*t + 161. What is q(6)?
185
Let j(z) = -z**3 - 29*z**2 - 138*z - 55. Calculate j(-23).
-55
Let w(c) = -5*c**2 + 227*c - 226. Determine w(1).
-4
Let t(g) = -g**2 - 82*g + 612. Calculate t(-89).
-11
Let d(s) = -1328*s + 2669. Calculate d(2).
13
Let b(t) = 3*t**2 - 316*t - 535. Determine b(107).
0
Let h(a) = a**2 - 7*a - 91. Determine h(-7).
7
Let b(h) = 345*h + 1736. Give b(-5).
11
Let c(r) = -143*r**2 - 87*r - 170. Determine c(-2).
-568
Let x(p) = -p**2 - 209*p - 2368. What is x(-12)?
-4
Let p(d) = d**2 - 41*d - 128. Determine p(44).
4
Let l(d) = -1034*d + 4131. Give l(4).
-5
Let h(b) = 4*b**2 + 129*b - 737. Calculate h(5).
8
Let p(n) = -529*n + 1623. Determine p(3).
36
Let h(l) = l**3 + 12*l**2 + 14*l + 15. Give h(-12).
-153
Let h(x) = -98*x - 610. Give h(-6).
-22
Let w(f) = 1886*f + 15082. Calculate w(-8).
-6
Let i(j) = 759*j - 5323. What is i(7)?
-10
Let h(u) = u**3 - u**2 - 27*u + 114. Determine h(4).
54
Let y(f) = -f**3 - 3*f**2 + 8*f + 19. What is y(3)?
-11
Let v(r) = -r**2 + 60*r + 244. Calculate v(64).
-12
Let h(x) = -x**2 + 6*x + 54. Calculate h(11).
-1
Let u(o) = -16*o**2 + 336*o + 43. What is u(21)?
43
Let w(k) = -3*k - 25. What is w(-3)?
-16
Let j(x) = 12*x + 934. What is j(-88)?
-122
Let l(i) = i**2 - 78*i + 1470. Determine l(45).
-15
Let s(l) = 48*l - 568. What is s(9)?
-136
Let t(p) = 6*p**2 + 42*p - 166. Calculate t(4).
98
Let o(d) = -528*d**2 + 31*d - 33. Calculate o(1).
-530
Let j(q) = 4*q**2 + 68*q - 247. Determine j(-20).
-7
Let j(t) = t**2 - 62*t - 133. Give j(67).
202
Let u(v) = 641*v + 3826. What is u(-6)?
-20
Let g(z) = 5*z**3 + 39*z**2 + 17*z - 7. What is g(-8)?
-207
Let p(n) = -n**3 + 3*n**2 + 17*n - 30. Calculate p(3).
21
Let n(x) = 2*x**2 - 661*x - 3318. Determine n(-5).
37
Let j(g) = -g**3 + 18*g**2 - 46*g + 17. Give j(15).
2
Let b(d) = d**3 - 7*d**2 - 65*d - 88. Determine b(-4).
-4
Let m(u) = 37*u + 292. Calculate m(-11).
-115
Let h(r) = -104*r + 759. Give h(7).
31
Let s(o) = -68*o - 696. Determine s(-10).
-16
Let p(r) = 5*r**3 - r**2 + r - 6. Calculate p(2).
32
Let c(p) = p**3 - 16*p**2 - 60*p + 7. Calculate c(-4).
-73
Let d(x) = 6*x**2 + 309*x + 143. Determine d(-51).
-10
Let d(p) = -p**3 - p**2 - 24*p + 82. What is d(7)?
-478
Let x(y) = -y**3 + 14*y**2 - 49*y + 70. Give x(10).
-20
Let y(x) = -481*x**2 + 1950*x + 4. What is y(4)?
108
Let a(b) = 2*b**3 + 27*b**2 - 2252*b + 127. Give a(-41).
4
Let l(a) = -358*a - 356. What is l(-1)?
2
Let y(g) = 2*g**2 + 3098*g - 18657. What is y(6)?
3
Let y(c) = 51*c - 9. Give y(1).
42
Let q(t) = 74*t**2 - 93*t - 89. Give q(2).
21
Let j(n) = 6*n + 375. Calculate j(-49).
81
Let l(b) = -406*b - 2850. What is l(-7)?
-8
Let o(l) = l**3 - 3*l**2 - 155*l + 466. What is o(3)?
1
Let i(v) = 429*v + 452. What is i(-1)?
23
Let a(z) = 3*z**2 - 35*z - 133. Determine a(-3).
-1
Let p(d) = 2*d**2 - 9*d - 93. Give p(-5).
2
Let y(o) = 9*o - 55. Give y(12).
53
Let w(l) = 5*l**3 - 16*l**2 - 46*l - 9. Determine w(-3).
-150
Let c(w) = 2*w**2 + 10*w - 467. Determine c(13).
1
Let u(n) = -102*n - 191. Give u(-2).
13
Let p(k) = 33*k - 27. What is p(2)?
39
Let s(m) = -174*m + 422. Give s(3).
-100
Let l(x) = 2*x**3 - 291*x**2 - 439*x - 269. Calculate l(147).
25
Let w(j) = j**2 - 1068*j + 31139. Give w(30).
-1
Let n(b) = -10*b**3 - 7*b**2 + 9*b - 4. Determine n(1).
-12
Let z(i) = -i**3 + 140*i**2 + 141*i + 2. What is z(-1)?
2
Let p(w) = -65*w**2 + 71*w + 5. What is p(0)?
5
Let h(b) = 18*b**3 + b**2 + 32*b - 34. Give h(1).
17
Let h(d) = -6*d - 647. Calculate h(-20).
-527
Let a(o) = o**2 - 118*o + 981. Calculate a(109).
0
Let j(w) = w + 122. Calculate j(-14).
108
Let u(q) = q**3 + 18*q**2 - 217*q + 702. Calculate u(-27).
0
Let o(x) = x**2 + 179*x + 7492. Calculate o(-67).
-12
Let n(q) = -60*q + 365. Determine n(6).
5
Let n(d) = 2*d**3 + 111*d**2 - 98*d + 4158. What is n(-57)?
-3
Let i(k) = -k**2 + 9*k + 322. Calculate i(22).
36
Let g(x) = x**2 - 32*x + 96. Give g(4).
-16
Let p(m) = m**3 - 12*m**2 - 6*m - 11. Calculate p(14).
297
Let s(f) = f**3 - 14*f**2 - 14*f + 2. Calculate s(15).
17
Let y(s) = 1022*s - 4144. Determine y(4).
-56
Let l(b) = -3*b**2 - 32*b - 86. Determine l(-9).
-41
Let j(n) = -57*n - 67. Give j(-3).
104
Let d(c) = 6*c**2 + 7*c + 9. Calculate d(-6).
183
Let m(h) = -6*h**3 + 121*h**2 - 20*h - 4. Give m(20).
-4
Let c(z) = -2*z - 108. Calculate c(-21).
-66
Let y(n) = 47*n + 822. What is y(-14)?
164
Let a(l) = 67*l + 1018. Calculate a(-14).
80
Let v(j) = -4*j**3 - 170*j**2 + 66*j - 861. Give v(-43).
-1
Let p(n) = -158*n - 24. What is p(-1)?
134
Let d(v) = 2*v**2 - 30*v + 42. Determine d(17).
110
Let l(m) = m**3 + 4*m**2 + 11*m + 45. Give l(-3).
21
Let k(l) = l**3 + 7*l**2 - 21*l + 111. Determine k(5).
306
Let l(y) = y**3 - 2*y**2 - 86*y + 295. Calculate l(4).
-17
Let l(g) = 2*g**2 + g + 79. Determine l(5).
134
Let k(c) = -c + 55. Give k(12).
43
Let j(k) = -4*k**3 - 83*k**2 + 675*k + 5. Calculate j(-27).
5
Let v(o) = 2*o**3 - 10*o**2 + 16*o + 2. What is v(6)?
170
Let r(m) = -27*m + 73. What is r(-2)?
127
Let y(a) = a**2 + 184*a + 1076. What is y(-178)?
8
Let f(j) = -j**3 - 7*j**2 + 20*j + 16. Give f(-6).
-140
Let d(m) = -m**3 - 8*m**2 + 28*m - 15. What is d(2)?
1
Let n(p) = -p**3 + 20*p**2 + 41*p + 66. What is n(22)?
0
Let k(m) = -m**2 - m + 37. Determine k(8).
-35
Let h(s) = -6*s**2 - 279*s - 126. Calculate h(-46).
12
Let r(f) = -4*f + 339. What is r(56)?
115
Let t(u) = 2*u**2 + 6*u + 28. Give t(-4).
36
Let a(y) = 3*y**3 - 7*y**2 - 16*y - 21. Calculate a(4).
-5
Let r(b) = -b**3 - 62*b**2 - 231*b - 6. What is r(-4)?
-10
Let w(c) = -69*c + 599. Give w(8).
47
Let c(h) = -140*h - 23. What is c(1)?
-163
Let q(j) = j**3 + 4*j**2 - 11*j - 39. Calculate q(-2).
-9
Let a(f) = -67*f - 2115. Give a(-31).
-38
Let w(b) = 111*b + 2980. Give w(-32).
-572
Let d(l) = -24*l**2 + 198*l - 50. Give d(8).
-2
Let g(n) = -3*n - 13. Give g(-10).
17
Let i(p) = -21*p - 84. Determine i(-4).
0
Let p(t) = -t**2 - 2783*t - 8341. Calculate p(-3).
-1
Let s(n) = -11*n - 474. Give s(-40).
-34
Let s(c) = 26*c**3 + 16*c**2 - 113*c - 110. Give s(-1).
-7
Let b(t) = 182*t - 3426. Calculate b(19).
32
Let a(d) = 25*d**2 + 496*d + 835. Determine a(-18).
7
Let y(o) = 6*o**3 - 9*o**2 - 4*o + 11. Calculate y(2).
15
Let k(p) = -8*p**2 - 185*p + 187. What is k(1)?
-6
Let p(i) = i**3 + 2*i**2 - 34*i - 114. Give p(-5).
-19
Let y(v) = -36*v + 752. Give y(21).
-4
Let m(i) = -i**3 - 33*i**2 + 95*i + 868. Calculate m(-35).
-7
Let x(n) = n**3 - 19*n**2 + 180*n - 2620. Give x(17).
-138
Let t(x) = x**3 + 2*x**2 + 27*x + 107. Give t(-4).
-33
Let o(d) = -10*d**3 + 15*d**2 - 15*d - 1. Determine o(1).
-11
Let b(h) = 55*h + 1191. Determine b(-22).
-19
Let r(n) = 10*n - 14. Give r(1).
-4
Let a(r) = r**3 + 27*r**2 + 9*r - 323. What is a(-26)?
119
Let r(n) = -n**3 - 8*n**2 + 22*n + 7. Determine r(-10).
-13
Let d(r) = -r**2 - 14*r - 81. Calculate d(-25).
-356
Let z(w) = -w**3 + 16*w**2 - 35*w + 284. Determine z(15).
-16
Let i(f) = -f**3 + 17*f**2 - 36*f + 20. Give i(12).
308
Let s(a) = -5*a**3 - 368*a**2 + 142*a - 440. Determine s(-74).
4
Let o(w) = -w**2 - 33*w - 149. What is o(-5)?
-9
Let d(o) = 30*o - 104. What is d(9)?
166
Let v(q) = 2*q**3 + 15*q**2 - 32*q - 5. What is v(2)?
7
Let p(t) = 7*t + 120. Determine p(-24).
-48
Let v(b) = 15*b + 42. What is v(-5)?
-